s 34a - 3?
347
In base 3, what is 1 + -111210?
-111202
In base 14, what is 1 - -6d?
70
In base 14, what is 7c - 3?
79
In base 10, what is -16 + 15?
-1
In base 13, what is -1 + -35?
-36
In base 9, what is -126 + -15?
-142
In base 16, what is 37c - 5?
377
In base 3, what is -2000121 - -2?
-2000112
In base 5, what is 2101 + -40?
2011
In base 8, what is -1045 + 5?
-1040
In base 7, what is -4 + -325?
-332
In base 16, what is e5 - 8?
dd
In base 3, what is -110021 + -100?
-110121
In base 12, what is -1 - -50?
4b
In base 9, what is -1336 - -3?
-1333
In base 3, what is 1 + -1000?
-222
In base 16, what is 9 + 2a?
33
In base 16, what is -11 + -3?
-14
In base 7, what is 43 + 26?
102
In base 14, what is -b - -4?
-7
In base 6, what is 3 + 1523?
1530
In base 9, what is 3 + -78?
-75
In base 2, what is 11 - 11010?
-10111
In base 3, what is 10 - -1012?
1022
In base 9, what is 2 + -38?
-36
In base 13, what is -414 - -5?
-40c
In base 10, what is -47 + -1?
-48
In base 15, what is 43 + -3?
40
In base 14, what is a6 + 0?
a6
In base 2, what is -11111100 + -111?
-100000011
In base 14, what is 5 - -612?
617
In base 3, what is 1210 + -2?
1201
In base 16, what is -2 - 64?
-66
In base 6, what is -122515 + 5?
-122510
In base 7, what is 1 - 6160?
-6156
In base 9, what is 1050 + -4?
1045
In base 2, what is -101 - 11?
-1000
In base 4, what is -2231 - -2?
-2223
In base 11, what is 2 + 57?
59
In base 12, what is -4419 - 0?
-4419
In base 5, what is -3 - 10144?
-10202
In base 4, what is -110 - 21?
-131
In base 7, what is 12 + 353?
365
In base 15, what is 53 + 54?
a7
In base 4, what is -1 + -132?
-133
In base 11, what is 5 + -5?
0
In base 13, what is 3 - 52?
-4c
In base 6, what is -2 - 13401?
-13403
In base 10, what is -1 + 175?
174
In base 8, what is 0 - -275?
275
In base 14, what is 4b6a - 3?
4b67
In base 14, what is -5 - 64?
-69
In base 15, what is 9 - 57?
-4d
In base 6, what is -42 + -5?
-51
In base 15, what is 7 + 20?
27
In base 7, what is 1 + 126?
130
In base 8, what is 71 - -44?
135
In base 12, what is -33 + -17a?
-1b1
In base 6, what is 514 + 3?
521
In base 10, what is 10 + -54?
-44
In base 11, what is 14 - 5?
a
In base 5, what is -201 - -1?
-200
In base 8, what is -7 + -22?
-31
In base 14, what is 0 + -2c?
-2c
In base 9, what is 10 - -161?
171
In base 16, what is b6 - -1?
b7
In base 6, what is -122045 - -2?
-122043
In base 12, what is 291 - -5?
296
In base 12, what is -2 + 55?
53
In base 3, what is 1111 + -11?
1100
In base 10, what is -28 - -3?
-25
In base 14, what is ad + -9?
a4
In base 16, what is 3f4 + 4?
3f8
In base 10, what is -4 + 107?
103
In base 14, what is 5 + 95?
9a
In base 15, what is -73 + -5?
-78
In base 10, what is -4 + 8615?
8611
In base 6, what is 4415 - 1?
4414
In base 3, what is 12 - 12222?
-12210
In base 12, what is -1947 + 3?
-1944
In base 10, what is 196 - -8?
204
In base 2, what is 1100 + -110010010?
-110000110
In base 7, what is 2323 - -2?
2325
In base 9, what is 184 + -5?
178
In base 4, what is 1 + 11333?
12000
In base 13, what is -b276 + -1?
-b277
In base 9, what is -203 - 2?
-205
In base 6, what is -24543 - 1?
-24544
In base 3, what is 12 + -202002?
-201220
In base 6, what is -42010 - -3?
-42003
In base 16, what is -15c0 - 1?
-15c1
In base 6, what is 5 + 215?
224
In base 11, what is 90 + -1?
8a
In base 12, what is -27 + -9?
-34
In base 2, what is -111100001010 + 0?
-111100001010
In base 7, what is 3 - 1310?
-1304
In base 5, what is 11 - 133?
-122
In base 3, what is 11 + 1022?
1110
In base 14, what is -2 + 26?
24
In base 11, what is 79 + 2?
80
In base 3, what is -12 + -222?
-1011
In base 8, what is -13 + 12?
-1
In base 15, what is -e9 - -45?
-a4
In base 5, what is -20 + 114?
44
In base 9, what is 7 + -2?
5
In base 8, what is -203 + 4?
-177
In base 10, what is -4 - 82?
-86
In base 11, what is -132 - -1?
-131
In base 12, what is 10 + 22?
32
In base 12, what is b2 - 5?
a9
In base 15, what is -5 + -436?
-43b
In base 13, what is -4 - 1313?
-1317
In base 4, what is -1 + 132?
131
In base 8, what is -2 - 1353?
-1355
In base 12, what is -88b - -1?
-88a
In base 12, what is 9 + 5b?
68
In base 11, what is -82 + -2?
-84
In base 12, what is -62a1 - 1?
-62a2
In base 2, what is 0 - -1100000?
1100000
In base 11, what is 4 + -479?
-475
In base 9, what is 658 - 2?
656
In base 3, what is 2 + 100?
102
In base 13, what is ca - -1?
cb
In base 13, what is 0 - -158?
158
In base 8, what is -47204 + 4?
-47200
In base 4, what is 3 - -330?
333
In base 13, what is -3 - -16?
13
In base 13, what is -14 - 5?
-19
In base 13, what is -980 + 2?
-97b
In base 5, what is 4 - -231?
240
In base 15, what is -1 + 11?
10
In base 6, what is 224 - -214?
442
In base 16, what is -1 - 3c7?
-3c8
In base 7, what is 5 + -5643?
-5635
In base 14, what is 11 + -9?
6
In base 11, what is -4 - -98?
94
In base 10, what is 822 + -14?
808
In base 7, what is 550 + 0?
550
In base 14, what is -2 - -72?
70
In base 9, what is -268 + -116?
-385
In base 2, what is 1 + -1101000?
-1100111
In base 14, what is -17 - 1c?
-35
In base 10, what is -449 - -1?
-448
In base 12, what is 3 + -48?
-45
In base 11, what is -171 - -8?
-164
In base 2, what is 110010100 - 10011?
110000001
In base 16, what is -63 - 9d?
-100
In base 15, what is 2e + -12?
1c
In base 11, what is 7932 + 4?
7936
In base 2, what is 1001 + 100110?
101111
In base 15, what is 3 + -3e?
-3b
In base 2, what is 1001 - 11001?
-10000
In base 16, what is -8 - 13?
-1b
In base 8, what is -665 + -3?
-670
In base 5, what is -1 - 144?
-200
In base 2, what is 0 + 1000000010010?
1000000010010
In base 7, what is 0 + 60?
60
In base 2, what is -11 - 1011101?
-1100000
In base 11, what is 60 - 3?
58
In base 15, what is 0 - a5?
-a5
In base 3, what is 1112221 + 11?
1120002
In base 2, what is -1010010110011 - -101?
-1010010101110
In base 7, what is -15 + -14?
-32
In base 12, what is -1 + -b2?
-b3
In base 2, what is 11 + -10000110101?
-10000110010
In base 4, what is -10 + -3323?
-3333
In base 16, what is 2 - -19?
1b
In base 4, what is 233 - -12?
311
In base 16, what is -8f - 9?
-98
In base 8, what is -175 + 1?
-174
In base 8, what is -2 - -241?
237
In base 10, what is 1265 + -8?
1257
In base 8, what is 4 - -133?
137
In base 14, what is -68 + 9?
-5d
In base 15, what is 152a - 1?
1529
In base 13, what is -32 - -6?
-29
In base 12, what is -6 - 23?
-29
In base 7, what is -42 - -14?
-25
In base 13, what is 268 - -1?
269
In base 11, what is -587 - 15?
-5a1
In base 3, what is 112 + -112?
0
In base 10, what is -172 - 22?
-194
In base 15, what is -216 + 0?
-216
In base 2, what is -100 - -100?
0
In base 15, what is 4 + -a9?
-a5
In base 11, what is 15 + -8?
8
In base 12, what is -21a - 9?
-227
In base 2, what is 100 - 101100?
-101000
In base 12, what is 2743 - 4?
273b
In base 14, what is -138 + 0?
-138
In base 8, what is 57 + 21?
100
In base 9, what is 4 - -358?
363
In base 2, what is 1110 + -10010111?
-10001001
In base 4, what is 1 - 112002?
-112001
In base 14, what is -8 + b?
3
In base 8, what is -6 + 165?
157
In base 13, what is 2 + -8?
-6
In base 11, what is 263 + -14?
24a
In base 16, what is 5f + -1?
5e
In base 3, what is 111 + -2?
102
In base 12, what is 3 - 8?
-5
In base 5, what is 4 + -4344?
-4340
In base 6, what is -2 - -23452?
23450
In base 3, what is 0 - -101110?
101110
In base 9, what is -14 - 5?
-20
In base 16, what is -34 - 35?
-69
In base 11, what is 160 - 0?
160
In base 14, what is 2 + 1c8?
1ca
In base 2, what is 1 - 111000011001?
-111000011000
In base 2, what is 1011001010010 - 11?
1011001001111
In base 8, what is -45 + -12?
-57
In base 7, what is 1133 - 1?
1132
In base 8, what is 11 + 32?
43
In base 5, what is -13 + -22?
-40
In base 16, what is -34 - 2?
-36
In base 13, what is -39 + -4?
-40
In base 9, what is -33 + -208?
-242
In base 11, what is 2866 - 1?
2865
In base 7, what is 6 - 104?
-65
In base 15, what is 0 + 601?
601
In base 7, what is 3 + -4351?
-4345
In base 10, what is -7 - 196?
-203
In base 13, what is 2 + -59?
-57
In base 12, what is 3 + -a99?
-a96
In base 10, what is 1218 + -5?
1213
In base 6, what is 310 - 151?
115
In base 6, what is 2 - 3504?
-3502
In base 2, what is -101001000001 - 11?
-101001000100
In base 5, what is -403 - 1?
-404
In base 11, what is -1 + 250?
24a
In base 6, what is 54 - -203?
301
In base 12, what is 22 - 73?
-51
In base 2, what is -1 